{"id":19,"date":"2020-02-10T21:54:18","date_gmt":"2020-02-10T21:54:18","guid":{"rendered":"https:\/\/specialmineservices.com\/francais\/?page_id=19"},"modified":"2026-03-25T19:42:16","modified_gmt":"2026-03-26T00:42:16","slug":"nous-contacter","status":"publish","type":"page","link":"https:\/\/specialmineservices.com\/francais\/nous-contacter\/","title":{"rendered":"Nous contacter"},"content":{"rendered":"<p>[et_pb_section fb_built=&#8221;1&#8243; _builder_version=&#8221;4.16&#8243; global_colors_info=&#8221;{}&#8221;][et_pb_row column_structure=&#8221;1_4,3_4&#8243; _builder_version=&#8221;4.16&#8243; _module_preset=&#8221;default&#8221; global_colors_info=&#8221;{}&#8221;][et_pb_column type=&#8221;1_4&#8243; _builder_version=&#8221;4.16&#8243; _module_preset=&#8221;default&#8221; global_colors_info=&#8221;{}&#8221;][\/et_pb_column][et_pb_column type=&#8221;3_4&#8243; _builder_version=&#8221;4.16&#8243; _module_preset=&#8221;default&#8221; global_colors_info=&#8221;{}&#8221;][et_pb_text admin_label=&#8221;HEADLINE TEXT&#8221; _builder_version=&#8221;4.16&#8243; global_colors_info=&#8221;{}&#8221;]<\/p>\n<h1 class=\"p1\">Nous contacter<\/h1>\n<p>[\/et_pb_text][\/et_pb_column][\/et_pb_row][et_pb_row column_structure=&#8221;1_4,3_4&#8243; _builder_version=&#8221;4.16&#8243; global_colors_info=&#8221;{}&#8221;][et_pb_column type=&#8221;1_4&#8243; _builder_version=&#8221;4.16&#8243; global_colors_info=&#8221;{}&#8221;][\/et_pb_column][et_pb_column type=&#8221;3_4&#8243; _builder_version=&#8221;4.16&#8243; global_colors_info=&#8221;{}&#8221;][et_pb_text admin_label=&#8221;General Inqueries&#8221; _builder_version=&#8221;4.16&#8243; global_colors_info=&#8221;{}&#8221;]<\/p>\n<h3>Informations g\u00e9n\u00e9rales<\/h3>\n<h4>\u00a0<\/h4>\n<p>Courriel: <a href=\"mailto:info@specialmineservices.com\" target=\"_blank\" rel=\"noopener\">info@specialmineservices.com<\/a><\/p>\n<p>[\/et_pb_text][et_pb_divider show_divider=&#8221;off&#8221; _builder_version=&#8221;4.16&#8243; _module_preset=&#8221;default&#8221; global_colors_info=&#8221;{}&#8221;][\/et_pb_divider][et_pb_text admin_label=&#8221;Electrical Connector Sales &#038; Service&#8221; _builder_version=&#8221;4.27.6&#8243; global_colors_info=&#8221;{}&#8221;]<\/p>\n<h3 class=\"p1\">Connecteurs \u00e9lectriques \u2014 Ventes et Service<\/h3>\n<h4>\u00a0<\/h4>\n<h4><span style=\"color: #1f8be3;\">\u00c9tats-Unis et International<\/span><\/h4>\n<p><strong>Marshall Girtman, CGBP<\/strong><br \/><em>Directeur des ventes, SMS &amp; PMT<\/em><br \/>Bureau : +1 (618) 932-2151 poste 114<br \/>Mobile \/ WhatsApp : +1 (618) 513-8850<br \/>E-mail : <em><a href=\"mailto:marshall.girtman@specialmineservices.com\">marshall.girtman@specialmineservices.com<\/a><\/em><\/p>\n<p>&nbsp;<\/p>\n<p>[\/et_pb_text][et_pb_divider show_divider=&#8221;off&#8221; _builder_version=&#8221;4.16&#8243; _module_preset=&#8221;default&#8221; global_colors_info=&#8221;{}&#8221;][\/et_pb_divider][et_pb_text admin_label=&#8221;Fabrication, Welding, Machining&#8221; _builder_version=&#8221;4.27.6&#8243; hover_enabled=&#8221;0&#8243; global_colors_info=&#8221;{}&#8221; sticky_enabled=&#8221;0&#8243;]<\/p>\n<h3>Fabrication, soudure et usinage<\/h3>\n<p>&nbsp;<\/p>\n<h4><span style=\"color: #1f8be3;\">Machines et outils de pr\u00e9cision \/ SMS FWM<br \/><\/span><\/h4>\n<p><strong>Josh Buchanan,<\/strong> <em>Directeur g\u00e9n\u00e9ral<\/em><br \/>Bureau : +1 (618) 997-8795<br \/>Mobile : +1 (618) 925-2740<br \/>E-mail : <em><a href=\"mailto:josh.buchanan@precisionmachineandtool.com\">josh.buchanan@precisionmachineandtool.com<\/a><\/em><\/p>\n<p>[\/et_pb_text][et_pb_divider show_divider=&#8221;off&#8221; _builder_version=&#8221;4.16&#8243; _module_preset=&#8221;default&#8221; global_colors_info=&#8221;{}&#8221;][\/et_pb_divider][et_pb_text admin_label=&#8221;Mining Distribution, Cable Repair, Cable Assemblies&#8221; _builder_version=&#8221;4.27.6&#8243; global_colors_info=&#8221;{}&#8221;]<\/p>\n<h3>Distribution mini\u00e8re, r\u00e9paration de c\u00e2bles, assemblages de c\u00e2bles<\/h3>\n<h4>\u00a0<\/h4>\n<h4><span style=\"color: #1f8be3;\">Illinois, Indiana, Kentucky<\/span><\/h4>\n<p><strong>Kaleb Riecken,<\/strong> <em>Directeur g\u00e9n\u00e9ral<\/em><br \/>Bureau : +1 (812) 354-9104<br \/>Mobile : +1 (812) 449-5852<br \/>E-mail : <em><a href=\"mailto:kaleb.riecken@specialmineservices.com\">kaleb.riecken@specialmineservices.com<\/a><\/em><\/p>\n<p>[\/et_pb_text][\/et_pb_column][\/et_pb_row][\/et_pb_section]<\/p>\n","protected":false},"excerpt":{"rendered":"<p>Nous contacterInformations g\u00e9n\u00e9rales \u00a0 Courriel: info@specialmineservices.comConnecteurs \u00e9lectriques \u2014 Ventes et Service \u00a0 \u00c9tats-Unis et International Marshall Girtman, CGBPDirecteur des ventes, SMS &amp; PMTBureau : +1 (618) 932-2151 poste 114Mobile \/ WhatsApp : +1 (618) 513-8850E-mail : marshall.girtman@specialmineservices.com &nbsp;Fabrication, soudure et usinage &nbsp; Machines et outils de pr\u00e9cision \/ SMS FWM Josh Buchanan, Directeur g\u00e9n\u00e9ralBureau : [&hellip;]<\/p>\n","protected":false},"author":1,"featured_media":0,"parent":0,"menu_order":0,"comment_status":"closed","ping_status":"closed","template":"","meta":{"_et_pb_use_builder":"on","_et_pb_old_content":"","_et_gb_content_width":"","footnotes":""},"class_list":["post-19","page","type-page","status-publish","hentry"],"_links":{"self":[{"href":"https:\/\/specialmineservices.com\/francais\/wp-json\/wp\/v2\/pages\/19","targetHints":{"allow":["GET"]}}],"collection":[{"href":"https:\/\/specialmineservices.com\/francais\/wp-json\/wp\/v2\/pages"}],"about":[{"href":"https:\/\/specialmineservices.com\/francais\/wp-json\/wp\/v2\/types\/page"}],"author":[{"embeddable":true,"href":"https:\/\/specialmineservices.com\/francais\/wp-json\/wp\/v2\/users\/1"}],"replies":[{"embeddable":true,"href":"https:\/\/specialmineservices.com\/francais\/wp-json\/wp\/v2\/comments?post=19"}],"version-history":[{"count":32,"href":"https:\/\/specialmineservices.com\/francais\/wp-json\/wp\/v2\/pages\/19\/revisions"}],"predecessor-version":[{"id":1044,"href":"https:\/\/specialmineservices.com\/francais\/wp-json\/wp\/v2\/pages\/19\/revisions\/1044"}],"wp:attachment":[{"href":"https:\/\/specialmineservices.com\/francais\/wp-json\/wp\/v2\/media?parent=19"}],"curies":[{"name":"wp","href":"https:\/\/api.w.org\/{rel}","templated":true}]}}