{"id":52,"date":"2020-02-10T22:45:20","date_gmt":"2020-02-10T22:45:20","guid":{"rendered":"https:\/\/specialmineservices.com\/portugues\/?page_id=52"},"modified":"2022-03-28T00:29:46","modified_gmt":"2022-03-28T05:29:46","slug":"historia-da-special-mine-services-inc","status":"publish","type":"page","link":"https:\/\/specialmineservices.com\/portugues\/historia-da-special-mine-services-inc\/","title":{"rendered":"Hist\u00f3ria da Special Mine Services, Inc."},"content":{"rendered":"<p>[et_pb_section fb_built=&#8221;1&#8243; _builder_version=&#8221;4.15&#8243; global_colors_info=&#8221;{}&#8221;][et_pb_row column_structure=&#8221;1_4,3_4&#8243; _builder_version=&#8221;4.15&#8243; global_colors_info=&#8221;{}&#8221;][et_pb_column type=&#8221;1_4&#8243; _builder_version=&#8221;4.15&#8243; global_colors_info=&#8221;{}&#8221;][et_pb_image src=&#8221;https:\/\/specialmineservices.com\/portugues\/wp-content\/uploads\/2021\/03\/Our-History-Construction-600&#215;300-1.jpg&#8221; alt=&#8221;OurHistory Construction Image&#8221; title_text=&#8221;Our-History-Construction-600&#215;300&#8243; _builder_version=&#8221;4.15&#8243; border_width_all=&#8221;6px&#8221; border_color_all=&#8221;#ababab&#8221; box_shadow_style=&#8221;preset3&#8243; global_colors_info=&#8221;{}&#8221;][\/et_pb_image][\/et_pb_column][et_pb_column type=&#8221;3_4&#8243; _builder_version=&#8221;4.15&#8243; global_colors_info=&#8221;{}&#8221;][et_pb_text _builder_version=&#8221;4.15.1&#8243; hover_enabled=&#8221;0&#8243; global_colors_info=&#8221;{}&#8221; sticky_enabled=&#8221;0&#8243;]<\/p>\n<h1>Hist\u00f3ria da Special Mine Services, Inc.<\/h1>\n<p>&nbsp;<\/p>\n<p>Em 1983, a<strong> Special Mine Services, Inc.<\/strong>, foi fundada por Les Huntsman e George Kee. Inicialmente, a Special Mine Services distribu\u00eda e reparava cabos el\u00e9tricos para a ind\u00fastria de minera\u00e7\u00e3o de carv\u00e3o na regi\u00e3o da tr\u00edplice fronteira entre Illinois, Indiana e Kentucky. A Special Mine Services expandiu rapidamente a sua base de clientes e se tornou um distribuidor de produtos auxiliares associados \u00e0 ind\u00fastria pesada e de minera\u00e7\u00e3o.<\/p>\n<p>No final da d\u00e9cada de 1980, a Special Mine Services come\u00e7ou a se diversificar. Nosso primeiro empreendimento foi a fabrica\u00e7\u00e3o e distribui\u00e7\u00e3o de conectores el\u00e9tricos. Desde ent\u00e3o, desenvolvemos uma linha completa de conectores em neopreno moldado para as ind\u00fastrias de minera\u00e7\u00e3o, tunelamento e entretenimento que s\u00e3o intercambi\u00e1veis com os outros principais conectores do mercado.<\/p>\n<p>Em 2004, a Special Mine Services tornou-se uma ESOP \u2014 uma companhia controlada por seus funcion\u00e1rios. Atualmente, nossos funcion\u00e1rios det\u00eam 100% do nosso capital, e continuamos a expandir o nosso neg\u00f3cio gra\u00e7as aos nossos colaboradores dedicados e diligentes.<\/p>\n<p>Em 2013, a Special Mine Services ampliou expandiu nossa unidade interna de usinagem, necess\u00e1ria para a fabrica\u00e7\u00e3o dos nossos conectores de alta qualidade. Em conjunto com esta expans\u00e3o, come\u00e7amos a utilizar a nossa expertise e experi\u00eancia em usinagem para oferecer servi\u00e7os na \u00e1rea a clientes externos.<\/p>\n<p>Em 2017, a Special Mine Services come\u00e7ou a oferecer servi\u00e7os de fabrica\u00e7\u00e3o e solda. Em 2018, tivemos o prazer de anunciar a expans\u00e3o dos nossos servi\u00e7os de fabrica\u00e7\u00e3o e solda, com a conclus\u00e3o do nosso novo edif\u00edcio de quase 1.500 m2.<\/p>\n<p>[\/et_pb_text][\/et_pb_column][\/et_pb_row][\/et_pb_section]<\/p>\n","protected":false},"excerpt":{"rendered":"<p>Hist\u00f3ria da Special Mine Services, Inc. &nbsp; Em 1983, a Special Mine Services, Inc., foi fundada por Les Huntsman e George Kee. Inicialmente, a Special Mine Services distribu\u00eda e reparava cabos el\u00e9tricos para a ind\u00fastria de minera\u00e7\u00e3o de carv\u00e3o na regi\u00e3o da tr\u00edplice fronteira entre Illinois, Indiana e Kentucky. A Special Mine Services expandiu rapidamente [&hellip;]<\/p>\n","protected":false},"author":1,"featured_media":0,"parent":0,"menu_order":0,"comment_status":"closed","ping_status":"closed","template":"","meta":{"_et_pb_use_builder":"on","_et_pb_old_content":"","_et_gb_content_width":"","footnotes":""},"class_list":["post-52","page","type-page","status-publish","hentry"],"_links":{"self":[{"href":"https:\/\/specialmineservices.com\/portugues\/wp-json\/wp\/v2\/pages\/52","targetHints":{"allow":["GET"]}}],"collection":[{"href":"https:\/\/specialmineservices.com\/portugues\/wp-json\/wp\/v2\/pages"}],"about":[{"href":"https:\/\/specialmineservices.com\/portugues\/wp-json\/wp\/v2\/types\/page"}],"author":[{"embeddable":true,"href":"https:\/\/specialmineservices.com\/portugues\/wp-json\/wp\/v2\/users\/1"}],"replies":[{"embeddable":true,"href":"https:\/\/specialmineservices.com\/portugues\/wp-json\/wp\/v2\/comments?post=52"}],"version-history":[{"count":11,"href":"https:\/\/specialmineservices.com\/portugues\/wp-json\/wp\/v2\/pages\/52\/revisions"}],"predecessor-version":[{"id":903,"href":"https:\/\/specialmineservices.com\/portugues\/wp-json\/wp\/v2\/pages\/52\/revisions\/903"}],"wp:attachment":[{"href":"https:\/\/specialmineservices.com\/portugues\/wp-json\/wp\/v2\/media?parent=52"}],"curies":[{"name":"wp","href":"https:\/\/api.w.org\/{rel}","templated":true}]}}